. What is the units digit of y?
6
What is the hundreds digit of (-29 + 1)/4 + (-3)/(9/(-9960))?
3
Suppose d - q = 4*q + 840, -4200 = -5*d - 3*q. Suppose -b + 6*b - d = 0. Let h = b + -107. What is the units digit of h?
1
Let p(u) = u**2 + 10*u + 15. Let z be p(-6). Let d = 14 - z. Suppose 97 + d = j. What is the tens digit of j?
2
Let j(g) = -2*g**3 - 3*g**2 - 5*g - 14. Let o be j(-2). Suppose -4*n - 5 = -5*n. Suppose 34 = p - n*y, -p - 5*y + 6*y + 18 = o. What is the tens digit of p?
1
What is the tens digit of ((-2)/(-40) + (-16170)/(-12600))/((-4)/(-107490))?
3
Let d(s) = -84*s - 104. Let o = 218 - 229. What is the hundreds digit of d(o)?
8
Let t = 2068 + 2712. What is the units digit of t?
0
Suppose 36761 + 178523 = 63*h - 1106960. What is the ten thousands digit of h?
2
What is the units digit of 7 - (-270)/(-40) - 52966/(-8)?
1
Let r be (-3)/12 + 63/(-4). Suppose -201 = -4*l + y, 3*l + 2*y - 127 = 21. Let f = l - r. What is the units digit of f?
6
What is the hundreds digit of (1/2)/(((-125)/8250)/((-3323)/3))?
5
Let u be -2 + (-36)/(-15) + 44/(-10). Let c be (-11 + 1)*18/u. What is the units digit of 2*1/(-9) + 7075/c?
7
What is the hundreds digit of 10973*(-189)/(-162) - (-10)/(-12)?
8
Suppose -20 = -5*j, 501*k + 30188 = 502*k - 3*j. What is the units digit of k?
0
Let s(h) = -2898*h + 20. Let n be s(4). Let q = -5005 - n. What is the tens digit of q/(-22)*(-4)/6?
9
Suppose -19943 = -47*a + 831. Suppose -4*g + 2*g + a = 0. What is the units digit of g?
1
Let n(w) be the second derivative of -3*w**4/4 + 17*w**3/6 - 17*w**2/2 - 13*w. Let q(g) be the first derivative of n(g). What is the units digit of q(-3)?
1
Let w(z) = -4*z**3 - 33*z**2 - 66*z - 31. Let h(c) = 11*c**3 + 99*c**2 + 200*c + 92. Let f(g) = -3*h(g) - 8*w(g). What is the tens digit of f(-31)?
8
Let r(v) = -133*v + 242. Let t be r(-10). Suppose 5*c - c + 4*l = 1556, -4*l = -4*c + t. What is the tens digit of c?
9
Let b(o) = o**2 - 3*o + 4. Let p be b(2). Suppose 0 = -5*i - p*j + 712, -3*i - 2*j = -127 - 297. Let h = i + -65. What is the units digit of h?
9
Suppose 3*b - 19629 = -2*q + 5*q, -2*b + 13071 = q. Suppose -14*y + 15974 = -b. What is the hundreds digit of y?
6
Let c be -502*(-6 - 11/(-2)). Suppose -247*l + c*l = 1864. What is the tens digit of l?
6
Let q(a) be the second derivative of -a**5/20 + 5*a**4/6 + 3*a**3 - 10*a**2 + 12*a. What is the tens digit of q(7)?
5
Let b = 38 - 33. Suppose -b*w + 469 = -581. What is the hundreds digit of w?
2
Suppose -2*u + 5*u + h = 985, -4*u + 1340 = -4*h. Suppose 4*i + 2*i = -u. What is the tens digit of ((-396)/i)/(1/5)?
3
Suppose 22338 = n + 5*q, 3*n + 2*q = -5007 + 72034. What is the ten thousands digit of n?
2
What is the units digit of 5672/(-40)*(-20 + 15)?
9
Let v = 290 + -159. Let m = v + -73. What is the units digit of m?
8
Let r(m) = 76*m**3 + 3*m**2 + m - 11. Suppose -12*c + 65 = 41. What is the hundreds digit of r(c)?
6
Let n(m) = -14*m**2 + 2*m. Let f be n(-5). Suppose 0 = -30*c - 2518 - 4202. Let q = c - f. What is the units digit of q?
6
Let o(r) = r + 16. Let m be o(-13). Suppose 0 = -5*t + 3*i + 815, 4*i - 523 = -m*t - i. What is the tens digit of t?
6
Suppose -242 = 7*f - 29*f. Suppose f = -y + 14. What is the units digit of y?
3
Let g(v) = -2*v**2 - 22*v + 28. Suppose -63 = -4*y - 3. Let d(m) = -m**3 + 15*m**2 - 3*m + 33. Let o be d(y). What is the units digit of g(o)?
4
Suppose 72 = 3*i - 12*i. Let c be 2*-2*(-20)/i*-10. Let u = 225 - c. What is the units digit of u?
5
What is the hundreds digit of (-39)/(-9) + 8784758/138?
6
Let r(q) be the third derivative of -35*q**2 + 1/30*q**6 + 0 - 1/60*q**5 + 5/6*q**3 + 0*q + 1/12*q**4. What is the tens digit of r(3)?
1
Suppose -14*j + 15*j - 385 = -5*o, -o - 737 = -2*j. Suppose -j - 92 = -7*n. What is the units digit of n?
6
Let u = -14 + 22. Let p(l) = -u + 3*l**2 + 4 + 5 - 8*l. What is the tens digit of p(-4)?
8
Let s(c) = -c**2 + 15*c - 14. Let w be s(12). Let z be 20 - w - 1*-2. Suppose z = -2*r + 16*r - 2128. What is the units digit of r?
2
Let m be (2 - -1)*(-20)/6. Let d(g) = -2*g - 15. Let o be d(m). Suppose 7*q = 6*q + o. What is the units digit of q?
5
Let i(v) = v**2 + 23*v - 23 + 9 - 54*v + 41*v. Let t be (6 - 3)/((-3)/14). What is the tens digit of i(t)?
4
Suppose -4*j - j = 0. Suppose j*c = c + 2*d + 8, 0 = c + d + 7. What is the units digit of 2/(c - -4) - -83?
2
Suppose -2*h + 56 = h + k, 5*k = -20. Let p be (1/2)/(5/h). Suppose 4*v + 3*q - 195 = 0, 53 = 3*v + p*q - 92. What is the units digit of v?
5
Let t be 450/270*(-1 + 4). Suppose 2*i + 2*m = 1721 + 229, i - t*m = 1005. What is the tens digit of i?
8
Let k(z) = -z**2 + 26*z - 25. Let v be k(25). Suppose 4*r + 80 = 4*u, -u + 25 = 4*r - v*r. Let x = u + 2. What is the tens digit of x?
2
What is the tens digit of (756/(-84))/((-1)/129)?
6
Suppose 6*m = -68 + 446. Suppose -102 = -3*k + m. Let a = k + -40. What is the units digit of a?
5
Suppose -4*x + 4393 = 4*b - 2295, -8390 = -5*b + 5*x. What is the units digit of b?
5
Let q = 2 + 0. Let l be ((0/3)/q)/(-1). Suppose 0 = -l*r - 3*r + 54. What is the units digit of r?
8
Let b(i) = 430*i - 6536. What is the ten thousands digit of b(89)?
3
Let i(l) = 2*l**3 + 16*l**2 + 9*l + 58. Let r be i(-12). Let f = 1802 + r. What is the hundreds digit of f?
6
Let a(c) = 4*c**3 + 3*c**2 - 5*c + 6. Let k(l) = 41 - 20 - 34 - 2*l. Let r be k(-8). What is the hundreds digit of a(r)?
1
Suppose 6*c - 17900 = 4*c + 4*u, u = 5*c - 44750. What is the tens digit of c?
5
Suppose -3*y - c - 2 = 0, -5 = 3*c + 10. Suppose 72*d + 247 = -113. What is the units digit of 0 - -24 - (d + y)?
8
Suppose -5*b - 405 = 15. Let f = b + 92. What is the units digit of f?
8
What is the units digit of (-54)/30 - (-8377899)/205?
6
What is the tens digit of (-15644*11/88 + -5)/(3/(-2))?
0
Let x(m) = -m**2 + 11*m + 18. Suppose -16*u + 45 = -21*u. Let o be x(u). What is the tens digit of (16/12)/(-2 + (-327)/o)?
7
Let d(b) = -193*b + 16. Let g(f) = 193*f - 14. Let t(n) = -4*d(n) - 3*g(n). What is the hundreds digit of t(4)?
7
Let y = 32042 + -21992. What is the units digit of y?
0
Let b(f) be the second derivative of 0 - 1/20*f**5 + 4*f - 13/12*f**4 - 2*f**3 + 7*f**2. What is the tens digit of b(-12)?
1
What is the thousands digit of ((-700)/(-84) - (-4)/6) + 5044?
5
Let y(t) = 688*t**2 - 2*t + 1. Let d be y(-2). Suppose -1443 = -10*x + d. What is the tens digit of x?
2
Let w(f) = 1065*f + 52. Let o be w(4). Suppose 5*p - o = -4*v + 622, 0 = -v - p + 1234. What is the units digit of v?
6
Suppose -2*p + 28284 = 2*o + 2*p, 0 = o - 2*p - 14158. What is the tens digit of (1/(-2))/((-25)/o)?
8
Let o = -12497 - -13000. Let p be 44/((-4 - -2)/16). Let u = o + p. What is the tens digit of u?
5
Suppose -27*v = -146699 + 48907 - 335639. What is the thousands digit of v?
6
Let s = -14 + 24. What is the tens digit of s*(4/4 - (-148)/8)?
9
Let a(f) = 2*f**2 + 26*f - 1681. What is the units digit of a(29)?
5
Let d(j) = j - 1. Let o(c) = 45*c - 36. Let a(n) = -108*d(n) + 3*o(n). Suppose 2*t + 0*t = 2. What is the tens digit of a(t)?
2
Let d be -6 - 12*(-3 + 5). What is the tens digit of (-16 + 13)/(0 - (-2)/d)?
4
Suppose -3*k + 23818 = -s - 23143, -s = -4. What is the thousands digit of k?
5
Let r = 295 + -170. Let p = r - 29. Suppose -19*j = -23*j + p. What is the tens digit of j?
2
Let u(r) = 4975*r**2 - 9*r - 5. What is the thousands digit of u(-1)?
4
Let k = 11771 + -5781. What is the thousands digit of k?
5
Let u(t) = -2*t**3 - 3*t**2 + 29*t + 82. What is the thousands digit of u(-22)?
9
What is the hundreds digit of -2 + 3263 + -1 + (-11 - -6)?
2
Let c be (3/12*0)/3. Suppose r - 2*r = c. Suppose 0 = -r*v - v + 11. What is the tens digit of v?
1
Let p(s) = 2*s**3 + 39*s**2 - 25*s + 21. Let n be p(-20). Suppose -3*k + 363 = -17*j + 16*j, -k = 4*j - n. What is the units digit of k?
1
Let m(n) = -30*n + 3*n - 37657 + 37530 + 6*n**2. What is the tens digit of m(-10)?
4
Let l(i) = i**2 + 1. Let j(z) = 106*z**2 + z + 1. Let q = 70 + -73. Let n(f) = q*l(f) + j(f). What is the tens digit of n(1)?
0
Let h(g) = 62*g + 90. Let w = -213 - -217. What is the units digit of h(w)?
8
Suppose 0 = 4*z + z - 2*j, z = -4*j. Suppose 5*w - 85 + 30 = z. What is the units digit of 22/(-121) + 1795/w - -3?
6
What is the thousands di